t of 3392613357?
6
What is the units digit of 8216158?
8
What is the hundreds digit of 1196956881?
8
What is the millions digit of 53696479?
3
What is the hundred thousands digit of 56258155?
2
What is the billions digit of 1260476701?
1
What is the ten thousands digit of 935771922?
7
What is the units digit of 64361857?
7
What is the hundreds digit of 128328585?
5
What is the ten millions digit of 2698992527?
9
What is the units digit of 17274501?
1
What is the tens digit of 2571139722?
2
What is the hundred thousands digit of 963278993?
2
What is the millions digit of 707428279?
7
What is the thousands digit of 83427165?
7
What is the units digit of 367254240?
0
What is the ten thousands digit of 14288719?
8
What is the billions digit of 3055161586?
3
What is the units digit of 1066005615?
5
What is the ten thousands digit of 2470657501?
5
What is the hundred thousands digit of 5735436654?
4
What is the tens digit of 13047135?
3
What is the hundreds digit of 1488177874?
8
What is the ten millions digit of 22488729?
2
What is the hundred thousands digit of 191007611?
0
What is the ten thousands digit of 99748136?
4
What is the hundreds digit of 15422563?
5
What is the millions digit of 432747249?
2
What is the hundred millions digit of 1527187491?
5
What is the hundreds digit of 60132138?
1
What is the thousands digit of 584311134?
1
What is the thousands digit of 614571350?
1
What is the tens digit of 643838142?
4
What is the hundreds digit of 989340964?
9
What is the hundreds digit of 492845696?
6
What is the thousands digit of 1541482785?
2
What is the ten thousands digit of 3188748904?
4
What is the hundreds digit of 371233132?
1
What is the tens digit of 1770313589?
8
What is the hundred thousands digit of 4951091657?
0
What is the ten millions digit of 62082098?
6
What is the hundred thousands digit of 3557670094?
6
What is the millions digit of 1094757900?
4
What is the hundred millions digit of 237422114?
2
What is the ten thousands digit of 660430476?
3
What is the ten thousands digit of 347641785?
4
What is the units digit of 72969658?
8
What is the units digit of 247615722?
2
What is the thousands digit of 746532706?
2
What is the units digit of 612992333?
3
What is the millions digit of 112808067?
2
What is the hundreds digit of 43002843?
8
What is the hundred thousands digit of 7092379241?
3
What is the millions digit of 310973383?
0
What is the hundreds digit of 290393450?
4
What is the ten millions digit of 2488913514?
8
What is the millions digit of 3017496854?
7
What is the hundred thousands digit of 336783040?
7
What is the millions digit of 543043697?
3
What is the hundred thousands digit of 3194518?
1
What is the hundred thousands digit of 34377526?
3
What is the ten thousands digit of 315648261?
4
What is the tens digit of 1056416422?
2
What is the ten thousands digit of 1060964460?
6
What is the hundred millions digit of 1469112121?
4
What is the ten millions digit of 129713285?
2
What is the ten millions digit of 7616147658?
1
What is the hundred thousands digit of 7935364?
9
What is the units digit of 6624631093?
3
What is the hundred thousands digit of 9032349800?
3
What is the units digit of 783713327?
7
What is the ten thousands digit of 167149449?
4
What is the thousands digit of 127771800?
1
What is the billions digit of 2081648134?
2
What is the hundred millions digit of 568490546?
5
What is the hundreds digit of 502678096?
0
What is the millions digit of 921041156?
1
What is the hundred millions digit of 294662264?
2
What is the ten thousands digit of 7281659096?
5
What is the units digit of 394272597?
7
What is the hundred thousands digit of 122710373?
7
What is the tens digit of 615442980?
8
What is the thousands digit of 349131376?
1
What is the hundred thousands digit of 173102462?
1
What is the thousands digit of 85914436?
4
What is the units digit of 287208360?
0
What is the thousands digit of 601461218?
1
What is the ten millions digit of 257706836?
5
What is the ten thousands digit of 64608356?
0
What is the tens digit of 2030856169?
6
What is the millions digit of 8382341?
8
What is the units digit of 8453282?
2
What is the millions digit of 180895260?
0
What is the millions digit of 147487759?
7
What is the hundred millions digit of 1961429093?
9
What is the hundred thousands digit of 18231811?
2
What is the thousands digit of 1790449864?
9
What is the thousands digit of 1152059825?
9
What is the hundreds digit of 2056304161?
1
What is the hundred millions digit of 534913530?
5
What is the thousands digit of 244178305?
8
What is the hundreds digit of 2492858111?
1
What is the ten millions digit of 1349839922?
4
What is the hundred thousands digit of 855151626?
1
What is the hundred thousands digit of 44425272?
4
What is the millions digit of 538587201?
8
What is the thousands digit of 373511744?
1
What is the hundred millions digit of 2109585584?
1
What is the billions digit of 5590855518?
5
What is the thousands digit of 813015?
3
What is the hundred millions digit of 3039108960?
0
What is the hundreds digit of 46707897?
8
What is the millions digit of 3306932?
3
What is the ten millions digit of 313894626?
1
What is the thousands digit of 7714341509?
1
What is the billions digit of 5533285074?
5
What is the hundred thousands digit of 184958?
1
What is the hundreds digit of 489690954?
9
What is the ten millions digit of 108313703?
0
What is the billions digit of 2433442732?
2
What is the ten millions digit of 22706562?
2
What is the hundred millions digit of 1118248529?
1
What is the millions digit of 1260586457?
0
What is the tens digit of 1070160678?
7
What is the units digit of 1278575976?
6
What is the units digit of 120009787?
7
What is the hundreds digit of 5492481030?
0
What is the thousands digit of 226596012?
6
What is the hundred thousands digit of 315104327?
1
What is the millions digit of 2020601823?
0
What is the hundred millions digit of 1505363535?
5
What is the millions digit of 359824340?
9
What is the ten millions digit of 122554827?
2
What is the thousands digit of 120884755?
4
What is the units digit of 185668007?
7
What is the tens digit of 15987741?
4
What is the hundred thousands digit of 117546903?
5
What is the ten thousands digit of 267258006?
5
What is the ten thousands digit of 186297088?
9
What is the units digit of 40438578?
8
What is the ten thousands digit of 3046669000?
6
What is the millions digit of 5371278084?
1
What is the ten thousands digit of 666486679?
8
What is the ten thousands digit of 71411619?
1
What is the ten thousands digit of 900715187?
1
What is the hundred thousands digit of 1753663515?
6
What is the ten millions digit of 1469203069?
6
What is the hundred thousands digit of 100283285?
2
What is the thousands digit of 54375170?
5
What is the ten millions digit of 12270119?
1
What is the thousands digit of 2974734386?
4
What is the hundreds digit of 46247947?
9
What is the hundred thousands digit of 7495803?
4
What is the ten thousands digit of 485906057?
0
What is the hundred millions digit of 398060529?
3
What is the millions digit of 1483396527?
3
What is the millions digit of 346586927?
6
What is the tens digit of 112730222?
2
What is the hundreds digit of 2725583288?
2
What is the thousands digit of 2902775486?
5
What is the units digit of 736715929?
9
What is the tens digit of 4312280363?
6
What is the ten thousands digit of 296242306?
4
What is the hundreds digit of 1751571478?
4
What is the units digit of 5947399930?
0
What is the hundred millions digit of 157772928?
1
What is the hundred thousands digit of 64266246?
2
What is the tens digit of 159830834?
3
What is the tens digit of 8477770287?
8
What is the thousands digit of 1707598143?
8
What is the billions digit of 4346133580?
4
What is the ten millions digit of 43140235?
4
What is the ten thousands digit of 2681598131?
9
What is the ten thousands digit of 22196227?
9
What is the hundred millions digit of 2680888817?
6
What is the hundreds digit of 106781022?
0
What is the ten millions digit of 21899587?
2
What is the ten thousands digit of 2782492169?
9
What is the ten thousands digit of 71013744?
1
What is the ten thousands digit of 727943181?
4
What is the tens digit of 317349282?
